[INFO] cloning repository https://github.com/strawbmoe/sterby
[INFO] running `Command { std: "git" "-c" "credential.helper=" "-c" "credential.helper=/workspace/cargo-home/bin/git-credential-null" "clone" "--bare" "https://github.com/strawbmoe/sterby" "/workspace/cache/git-repos/https%3A%2F%2Fgithub.com%2Fstrawbmoe%2Fsterby", kill_on_drop: false }`
[INFO] [stderr] Cloning into bare repository '/workspace/cache/git-repos/https%3A%2F%2Fgithub.com%2Fstrawbmoe%2Fsterby'...
[INFO] running `Command { std: "git" "rev-parse" "HEAD", kill_on_drop: false }`
[INFO] [stdout] 804903703e2234f206de5159485e2146aa53fc31
[INFO] checking strawbmoe/sterby against try#72f88fc4e9458f89516a0b8b0868f3718aec5b47 for pr-74989
[INFO] running `Command { std: "git" "clone" "/workspace/cache/git-repos/https%3A%2F%2Fgithub.com%2Fstrawbmoe%2Fsterby" "/workspace/builds/worker-2/source", kill_on_drop: false }`
[INFO] [stderr] Cloning into '/workspace/builds/worker-2/source'...
[INFO] [stderr] done.
[INFO] [stderr] Checking out files:  68% (474/692)   
Checking out files:  69% (478/692)   
Checking out files:  70% (485/692)   
Checking out files:  71% (492/692)   
Checking out files:  72% (499/692)   
Checking out files:  73% (506/692)   
Checking out files:  74% (513/692)   
Checking out files:  75% (519/692)   
Checking out files:  76% (526/692)   
Checking out files:  77% (533/692)   
Checking out files:  78% (540/692)   
Checking out files:  79% (547/692)   
Checking out files:  80% (554/692)   
Checking out files:  81% (561/692)   
Checking out files:  82% (568/692)   
Checking out files:  83% (575/692)   
Checking out files:  83% (579/692)   
Checking out files:  84% (582/692)   
Checking out files:  85% (589/692)   
Checking out files:  86% (596/692)   
Checking out files:  87% (603/692)   
Checking out files:  88% (609/692)   
Checking out files:  89% (616/692)   
Checking out files:  90% (623/692)   
Checking out files:  91% (630/692)   
Checking out files:  92% (637/692)   
Checking out files:  93% (644/692)   
Checking out files:  94% (651/692)   
Checking out files:  95% (658/692)   
Checking out files:  96% (665/692)   
Checking out files:  97% (672/692)   
Checking out files:  98% (679/692)   
Checking out files:  99% (686/692)   
Checking out files: 100% (692/692)   
Checking out files: 100% (692/692), done.
[INFO] validating manifest of git repo https://github.com/strawbmoe/sterby on toolchain 72f88fc4e9458f89516a0b8b0868f3718aec5b47
[INFO] running `Command { std: "/workspace/cargo-home/bin/cargo" "+72f88fc4e9458f89516a0b8b0868f3718aec5b47" "read-manifest" "--manifest-path" "Cargo.toml", kill_on_drop: false }`
[INFO] started tweaking git repo https://github.com/strawbmoe/sterby
[INFO] finished tweaking git repo https://github.com/strawbmoe/sterby
[INFO] tweaked toml for git repo https://github.com/strawbmoe/sterby written to /workspace/builds/worker-2/source/Cargo.toml
[INFO] crate git repo https://github.com/strawbmoe/sterby already has a lockfile, it will not be regenerated
[INFO] running `Command { std: "/workspace/cargo-home/bin/cargo" "+72f88fc4e9458f89516a0b8b0868f3718aec5b47" "fetch" "--locked" "--manifest-path" "Cargo.toml", kill_on_drop: false }`
[INFO] running `Command { std: "docker" "create" "-v" "/var/lib/crater-agent-workspace/builds/worker-2/target:/opt/rustwide/target:rw,Z" "-v" "/var/lib/crater-agent-workspace/builds/worker-2/source:/opt/rustwide/workdir:ro,Z" "-v" "/var/lib/crater-agent-workspace/cargo-home:/opt/rustwide/cargo-home:ro,Z" "-v" "/var/lib/crater-agent-workspace/rustup-home:/opt/rustwide/rustup-home:ro,Z" "-e" "SOURCE_DIR=/opt/rustwide/workdir" "-e" "CARGO_TARGET_DIR=/opt/rustwide/target" "-e" "CARGO_HOME=/opt/rustwide/cargo-home" "-e" "RUSTUP_HOME=/opt/rustwide/rustup-home" "-w" "/opt/rustwide/workdir" "-m" "1610612736" "--user" "0:0" "--network" "none" "rustops/crates-build-env@sha256:d92eaeed33fa75130ca1ee6c8a01d1ffb62bac859dfdfb3450e3e5d1c0146529" "/opt/rustwide/cargo-home/bin/cargo" "+72f88fc4e9458f89516a0b8b0868f3718aec5b47" "metadata" "--no-deps" "--format-version=1", kill_on_drop: false }`
[INFO] [stdout] 218e747cdf2aec964d490af14eb5a5e75f46a223860304b14c05c89997c93bef
[INFO] [stderr] WARNING: Your kernel does not support swap limit capabilities or the cgroup is not mounted. Memory limited without swap.
[INFO] running `Command { std: "docker" "start" "-a" "218e747cdf2aec964d490af14eb5a5e75f46a223860304b14c05c89997c93bef", kill_on_drop: false }`
[INFO] running `Command { std: "docker" "inspect" "218e747cdf2aec964d490af14eb5a5e75f46a223860304b14c05c89997c93bef", kill_on_drop: false }`
[INFO] running `Command { std: "docker" "rm" "-f" "218e747cdf2aec964d490af14eb5a5e75f46a223860304b14c05c89997c93bef", kill_on_drop: false }`
[INFO] [stdout] 218e747cdf2aec964d490af14eb5a5e75f46a223860304b14c05c89997c93bef
[INFO] running `Command { std: "docker" "create" "-v" "/var/lib/crater-agent-workspace/builds/worker-2/target:/opt/rustwide/target:rw,Z" "-v" "/var/lib/crater-agent-workspace/builds/worker-2/source:/opt/rustwide/workdir:ro,Z" "-v" "/var/lib/crater-agent-workspace/cargo-home:/opt/rustwide/cargo-home:ro,Z" "-v" "/var/lib/crater-agent-workspace/rustup-home:/opt/rustwide/rustup-home:ro,Z" "-e" "SOURCE_DIR=/opt/rustwide/workdir" "-e" "CARGO_TARGET_DIR=/opt/rustwide/target" "-e" "CARGO_INCREMENTAL=0" "-e" "RUST_BACKTRACE=full" "-e" "RUSTFLAGS=--cap-lints=forbid" "-e" "CARGO_HOME=/opt/rustwide/cargo-home" "-e" "RUSTUP_HOME=/opt/rustwide/rustup-home" "-w" "/opt/rustwide/workdir" "-m" "1610612736" "--user" "0:0" "--network" "none" "rustops/crates-build-env@sha256:d92eaeed33fa75130ca1ee6c8a01d1ffb62bac859dfdfb3450e3e5d1c0146529" "/opt/rustwide/cargo-home/bin/cargo" "+72f88fc4e9458f89516a0b8b0868f3718aec5b47" "check" "--frozen" "--all" "--all-targets" "--message-format=json", kill_on_drop: false }`
[INFO] [stdout] d054d9545ffffd7977b96d70937413ec7b8fc9f596f3c14ec2a89ed121164504
[INFO] [stderr] WARNING: Your kernel does not support swap limit capabilities or the cgroup is not mounted. Memory limited without swap.
[INFO] running `Command { std: "docker" "start" "-a" "d054d9545ffffd7977b96d70937413ec7b8fc9f596f3c14ec2a89ed121164504", kill_on_drop: false }`
[INFO] [stderr]    Compiling semver-parser v0.7.0
[INFO] [stderr]     Checking cfg-if v0.1.9
[INFO] [stderr]    Compiling arrayvec v0.4.11
[INFO] [stderr]     Checking lazy_static v1.3.0
[INFO] [stderr]    Compiling byteorder v1.3.2
[INFO] [stderr]     Checking nodrop v0.1.13
[INFO] [stderr]    Compiling proc-macro2 v0.4.30
[INFO] [stderr]     Checking scopeguard v1.0.0
[INFO] [stderr]    Compiling unicode-xid v0.1.0
[INFO] [stderr]    Compiling bitflags v1.1.0
[INFO] [stderr]    Compiling rayon-core v1.5.0
[INFO] [stderr]    Compiling crc32fast v1.2.0
[INFO] [stderr]     Checking adler32 v1.0.3
[INFO] [stderr]     Checking either v1.5.2
[INFO] [stderr]     Checking lzw v0.10.0
[INFO] [stderr]    Compiling num-traits v0.2.8
[INFO] [stderr]    Compiling num-integer v0.1.41
[INFO] [stderr]    Compiling num-rational v0.2.2
[INFO] [stderr]    Compiling num-iter v0.1.39
[INFO] [stderr]     Checking crossbeam-utils v0.6.6
[INFO] [stderr]     Checking inflate v0.4.5
[INFO] [stderr]     Checking gif v0.10.2
[INFO] [stderr]    Compiling semver v0.9.0
[INFO] [stderr]     Checking crossbeam-queue v0.1.2
[INFO] [stderr]     Checking clap v2.33.0
[INFO] [stderr]    Compiling rustc_version v0.2.3
[INFO] [stderr]    Compiling memoffset v0.5.1
[INFO] [stderr]     Checking deflate v0.7.20
[INFO] [stderr]    Compiling quote v0.6.13
[INFO] [stderr]    Compiling syn v0.15.44
[INFO] [stderr]     Checking crossbeam-epoch v0.7.2
[INFO] [stderr]     Checking png v0.15.0
[INFO] [stderr]     Checking crossbeam-deque v0.6.3
[INFO] [stderr]     Checking rayon v1.1.0
[INFO] [stderr]     Checking jpeg-decoder v0.1.15
[INFO] [stderr]    Compiling num-derive v0.2.5
[INFO] [stderr]     Checking tiff v0.3.1
[INFO] [stderr]     Checking image v0.22.1
[INFO] [stderr]     Checking sterby v0.1.0 (/opt/rustwide/workdir)
[INFO] [stdout] error[E0435]: attempt to use a non-constant value in a constant
[INFO] [stdout]   --> src/main.rs:48:18
[INFO] [stdout]    |
[INFO] [stdout] 48 |     let y = [[x];x];
[INFO] [stdout]    |                  ^ non-constant value
[INFO] [stdout] 
[INFO] [stdout] 
[INFO] [stdout] error[E0423]: expected value, found trait `Pixel`
[INFO] [stdout]   --> src/main.rs:46:66
[INFO] [stdout]    |
[INFO] [stdout] 46 | fn GetPixelArray(hcf: u32, inputImage:GenericImage) -> [[Pixel]; Pixel]{
[INFO] [stdout]    |                                                                  ^^^^^ not a value
[INFO] [stdout] 
[INFO] [stdout] 
[INFO] [stdout] warning: unused import: `SubCommand`
[INFO] [stdout]  --> src/main.rs:4:22
[INFO] [stdout]   |
[INFO] [stdout] 4 | use clap::{Arg, App, SubCommand};
[INFO] [stdout]   |                      ^^^^^^^^^^
[INFO] [stdout]   |
[INFO] [stdout]   = note: `#[warn(unused_imports)]` on by default
[INFO] [stdout] 
[INFO] [stdout] 
[INFO] [stdout] warning: unused imports: `DynamicImage`, `Pixels`
[INFO] [stdout]  --> src/main.rs:5:13
[INFO] [stdout]   |
[INFO] [stdout] 5 | use image::{DynamicImage, GenericImage, GenericImageView, Pixels, Pixel};
[INFO] [stdout]   |             ^^^^^^^^^^^^                                  ^^^^^^
[INFO] [stdout] 
[INFO] [stdout] 
[INFO] [stdout] warning: unnecessary parentheses around `if` condition
[INFO] [stdout]   --> src/main.rs:10:8
[INFO] [stdout]    |
[INFO] [stdout] 10 |     if (width > height){
[INFO] [stdout]    |        ^^^^^^^^^^^^^^^^ help: remove these parentheses
[INFO] [stdout]    |
[INFO] [stdout]    = note: `#[warn(unused_parens)]` on by default
[INFO] [stdout] 
[INFO] [stdout] 
[INFO] [stdout] warning: unnecessary parentheses around `if` condition
[INFO] [stdout]   --> src/main.rs:11:12
[INFO] [stdout]    |
[INFO] [stdout] 11 |         if (height % 2 != 0){
[INFO] [stdout]    |            ^^^^^^^^^^^^^^^^^ help: remove these parentheses
[INFO] [stdout] 
[INFO] [stdout] 
[INFO] [stdout] warning: unnecessary parentheses around `if` condition
[INFO] [stdout]   --> src/main.rs:22:12
[INFO] [stdout]    |
[INFO] [stdout] 22 |         if (width % 2 != 0){
[INFO] [stdout]    |            ^^^^^^^^^^^^^^^^ help: remove these parentheses
[INFO] [stdout] 
[INFO] [stdout] 
[INFO] [stdout] warning: unnecessary parentheses around `if` condition
[INFO] [stdout]   --> src/main.rs:39:12
[INFO] [stdout]    |
[INFO] [stdout] 39 |         if (width % i == 0 && height % i == 0){
[INFO] [stdout]    |            ^^^^^^^^^^^^^^^^^^^^^^^^^^^^^^^^^^^ help: remove these parentheses
[INFO] [stdout] 
[INFO] [stdout] 
[INFO] [stdout] warning: trait objects without an explicit `dyn` are deprecated
[INFO] [stdout]   --> src/main.rs:46:39
[INFO] [stdout]    |
[INFO] [stdout] 46 | fn GetPixelArray(hcf: u32, inputImage:GenericImage) -> [[Pixel]; Pixel]{
[INFO] [stdout]    |                                       ^^^^^^^^^^^^ help: use `dyn`: `dyn GenericImage`
[INFO] [stdout]    |
[INFO] [stdout]    = note: `#[warn(bare_trait_objects)]` on by default
[INFO] [stdout] 
[INFO] [stdout] 
[INFO] [stdout] warning: trait objects without an explicit `dyn` are deprecated
[INFO] [stdout]   --> src/main.rs:46:58
[INFO] [stdout]    |
[INFO] [stdout] 46 | fn GetPixelArray(hcf: u32, inputImage:GenericImage) -> [[Pixel]; Pixel]{
[INFO] [stdout]    |                                                          ^^^^^ help: use `dyn`: `dyn Pixel`
[INFO] [stdout] 
[INFO] [stdout] 
[INFO] [stdout] error[E0435]: attempt to use a non-constant value in a constant
[INFO] [stdout]   --> src/main.rs:48:18
[INFO] [stdout]    |
[INFO] [stdout] 48 |     let y = [[x];x];
[INFO] [stdout]    |                  ^ non-constant value
[INFO] [stdout] 
[INFO] [stdout] 
[INFO] [stdout] error[E0423]: expected value, found trait `Pixel`
[INFO] [stdout]   --> src/main.rs:46:66
[INFO] [stdout]    |
[INFO] [stdout] 46 | fn GetPixelArray(hcf: u32, inputImage:GenericImage) -> [[Pixel]; Pixel]{
[INFO] [stdout]    |                                                                  ^^^^^ not a value
[INFO] [stdout] 
[INFO] [stdout] 
[INFO] [stdout] warning: unused import: `SubCommand`
[INFO] [stdout]  --> src/main.rs:4:22
[INFO] [stdout]   |
[INFO] [stdout] 4 | use clap::{Arg, App, SubCommand};
[INFO] [stdout]   |                      ^^^^^^^^^^
[INFO] [stdout]   |
[INFO] [stdout]   = note: `#[warn(unused_imports)]` on by default
[INFO] [stdout] 
[INFO] [stdout] 
[INFO] [stdout] warning: unused imports: `DynamicImage`, `Pixels`
[INFO] [stdout]  --> src/main.rs:5:13
[INFO] [stdout]   |
[INFO] [stdout] 5 | use image::{DynamicImage, GenericImage, GenericImageView, Pixels, Pixel};
[INFO] [stdout]   |             ^^^^^^^^^^^^                                  ^^^^^^
[INFO] [stdout] 
[INFO] [stdout] 
[INFO] [stdout] warning: unnecessary parentheses around `if` condition
[INFO] [stdout]   --> src/main.rs:10:8
[INFO] [stdout]    |
[INFO] [stdout] 10 |     if (width > height){
[INFO] [stdout]    |        ^^^^^^^^^^^^^^^^ help: remove these parentheses
[INFO] [stdout]    |
[INFO] [stdout]    = note: `#[warn(unused_parens)]` on by default
[INFO] [stdout] 
[INFO] [stdout] 
[INFO] [stdout] warning: unnecessary parentheses around `if` condition
[INFO] [stdout]   --> src/main.rs:11:12
[INFO] [stdout]    |
[INFO] [stdout] 11 |         if (height % 2 != 0){
[INFO] [stdout]    |            ^^^^^^^^^^^^^^^^^ help: remove these parentheses
[INFO] [stdout] 
[INFO] [stdout] 
[INFO] [stdout] warning: unnecessary parentheses around `if` condition
[INFO] [stdout]   --> src/main.rs:22:12
[INFO] [stdout]    |
[INFO] [stdout] 22 |         if (width % 2 != 0){
[INFO] [stdout]    |            ^^^^^^^^^^^^^^^^ help: remove these parentheses
[INFO] [stdout] 
[INFO] [stdout] 
[INFO] [stdout] warning: unnecessary parentheses around `if` condition
[INFO] [stdout]   --> src/main.rs:39:12
[INFO] [stdout]    |
[INFO] [stdout] 39 |         if (width % i == 0 && height % i == 0){
[INFO] [stdout]    |            ^^^^^^^^^^^^^^^^^^^^^^^^^^^^^^^^^^^ help: remove these parentheses
[INFO] [stdout] 
[INFO] [stdout] 
[INFO] [stdout] warning: trait objects without an explicit `dyn` are deprecated
[INFO] [stdout]   --> src/main.rs:46:39
[INFO] [stdout]    |
[INFO] [stdout] 46 | fn GetPixelArray(hcf: u32, inputImage:GenericImage) -> [[Pixel]; Pixel]{
[INFO] [stdout]    |                                       ^^^^^^^^^^^^ help: use `dyn`: `dyn GenericImage`
[INFO] [stdout]    |
[INFO] [stdout]    = note: `#[warn(bare_trait_objects)]` on by default
[INFO] [stdout] 
[INFO] [stdout] 
[INFO] [stdout] warning: trait objects without an explicit `dyn` are deprecated
[INFO] [stdout]   --> src/main.rs:46:58
[INFO] [stdout]    |
[INFO] [stdout] 46 | fn GetPixelArray(hcf: u32, inputImage:GenericImage) -> [[Pixel]; Pixel]{
[INFO] [stdout]    |                                                          ^^^^^ help: use `dyn`: `dyn Pixel`
[INFO] [stdout] 
[INFO] [stdout] 
[INFO] [stdout] error[E0191]: the value of the associated type `Subpixel` (from trait `Pixel`) must be specified
[INFO] [stdout]   --> src/main.rs:46:58
[INFO] [stdout]    |
[INFO] [stdout] 46 | fn GetPixelArray(hcf: u32, inputImage:GenericImage) -> [[Pixel]; Pixel]{
[INFO] [stdout]    |                                                          ^^^^^ help: specify the associated type: `Pixel<Subpixel = Type>`
[INFO] [stdout] 
[INFO] [stdout] 
[INFO] [stdout] error[E0191]: the value of the associated type `Subpixel` (from trait `Pixel`) must be specified
[INFO] [stdout]   --> src/main.rs:46:58
[INFO] [stdout]    |
[INFO] [stdout] 46 | fn GetPixelArray(hcf: u32, inputImage:GenericImage) -> [[Pixel]; Pixel]{
[INFO] [stdout]    |                                                          ^^^^^ help: specify the associated type: `Pixel<Subpixel = Type>`
[INFO] [stdout] 
[INFO] [stdout] 
[INFO] [stdout] error[E0191]: the value of the associated types `InnerImageView` (from trait `GenericImageView`), `InnerImage` (from trait `GenericImage`), `Pixel` (from trait `GenericImageView`) must be specified
[INFO] [stdout]   --> src/main.rs:46:39
[INFO] [stdout]    |
[INFO] [stdout] 46 | fn GetPixelArray(hcf: u32, inputImage:GenericImage) -> [[Pixel]; Pixel]{
[INFO] [stdout]    |                                       ^^^^^^^^^^^^ help: specify the associated types: `GenericImage<Pixel = Type, InnerImageView = Type, InnerImage = Type>`
[INFO] [stdout] 
[INFO] [stdout] 
[INFO] [stdout] error[E0191]: the value of the associated types `InnerImageView` (from trait `GenericImageView`), `InnerImage` (from trait `GenericImage`), `Pixel` (from trait `GenericImageView`) must be specified
[INFO] [stdout]   --> src/main.rs:46:39
[INFO] [stdout]    |
[INFO] [stdout] 46 | fn GetPixelArray(hcf: u32, inputImage:GenericImage) -> [[Pixel]; Pixel]{
[INFO] [stdout]    |                                       ^^^^^^^^^^^^ help: specify the associated types: `GenericImage<Pixel = Type, InnerImageView = Type, InnerImage = Type>`
[INFO] [stdout] 
[INFO] [stdout] 
[INFO] [stdout] error: aborting due to 4 previous errors; 8 warnings emitted
[INFO] [stdout] 
[INFO] [stdout] 
[INFO] [stdout] Some errors have detailed explanations: E0191, E0423, E0435.
[INFO] [stdout] 
[INFO] [stdout] For more information about an error, try `rustc --explain E0191`.
[INFO] [stdout] 
[INFO] [stdout] error: aborting due to 4 previous errors; 8 warnings emitted
[INFO] [stdout] 
[INFO] [stdout] 
[INFO] [stdout] Some errors have detailed explanations: E0191, E0423, E0435.
[INFO] [stdout] 
[INFO] [stdout] For more information about an error, try `rustc --explain E0191`.
[INFO] [stdout] 
[INFO] [stderr] error: could not compile `sterby`.
[INFO] [stderr] 
[INFO] [stderr] To learn more, run the command again with --verbose.
[INFO] [stderr] warning: build failed, waiting for other jobs to finish...
[INFO] [stderr] error: build failed
[INFO] running `Command { std: "docker" "inspect" "d054d9545ffffd7977b96d70937413ec7b8fc9f596f3c14ec2a89ed121164504", kill_on_drop: false }`
[INFO] running `Command { std: "docker" "rm" "-f" "d054d9545ffffd7977b96d70937413ec7b8fc9f596f3c14ec2a89ed121164504", kill_on_drop: false }`
[INFO] [stdout] d054d9545ffffd7977b96d70937413ec7b8fc9f596f3c14ec2a89ed121164504
